 + 3*w. Let h = -39 + 43. Let c(k) = -h - 2 + 5 - k + k**2 + k**3. Calculate c(w).
9
Let b(w) be the second derivative of w**4/6 + w**3/3 + w**2/2 + 31*w. Let y be (-6)/(-8) + 297/12*3. Let c = y + -76. Give b(c).
1
Let o(j) = 87 - 38 + 5*j - 30 - 6*j. Let c be 1/(-3)*(-15 - 21). What is o(c)?
7
Let z(d) = -13*d - 324. Let a be z(-25). Let x(o) = 12*o**3 + 4*o**2 - 6*o + 2. Give x(a).
12
Let f be 6/12*(0 - -6)*1. Let y(k) = -6*k**2 + 6*k - 1. Let v = 27 + -28. Let g(j) = j**2 - j + 1. Let d(p) = v*y(p) - 5*g(p). Determine d(f).
2
Suppose -571*h = -4*p - 567*h + 204, -3*p - 5*h + 137 = 0. Let d(j) = j**3 - 46*j**2 - 148*j + 39. What is d(p)?
-10
Let b(d) be the first derivative of d**4/4 + 4*d**3/3 + 2*d**2 + 3*d + 6363. What is b(-2)?
3
Let o(l) = 196*l + 1374. Let y be o(-7). Let v(u) = 22*u - 5. Determine v(y).
39
Let z(r) be the first derivative of -r**4/2 - r**3/3 - r**2 - r + 314. Calculate z(2).
-25
Let c(a) = 6*a + 26. Let n(g) = -19*g - 86. Let v(s) = -10*c(s) - 3*n(s). Give v(-14).
40
Let v(y) = 30211*y + 30211*y - y**3 + 22 + 16*y**2 - 60425*y. Give v(16).
-26
Let n(g) = g - 1. Let j = -42 + 60. Let z = j + -18. Suppose v + 12 = -5*o, -5*v + z*o - 2*o = -32. Calculate n(v).
7
Let a(d) = -d**2 + 10*d - 8. Suppose l - 17 = 5*x, -3*l - x + 543 = 572. Calculate a(l).
-152
Let z(p) be the first derivative of p**2 - 30 + 2*p + 0*p**3 - 1/4*p**4. What is z(-2)?
6
Let x be 6/27 - (-76)/(-18). Let u(r) = -5*r**3 + 4*r**2 - r + 110. Let o(f) = -4*f**3 + 2*f**2 - f + 82. Let v(z) = 4*o(z) - 3*u(z). Determine v(x).
2
Let y be (-19 + -6)*1/(-5) + 6. Let v(n) = -2*n + 9. What is v(y)?
-13
Let b(x) = -3*x**3 - 129*x**2 - 9*x - 22. Let s(z) = -z**3 - 36*z**2 - 3*z - 7. Let m(q) = -2*b(q) + 7*s(q). Determine m(6).
-23
Suppose 0 = 24*o + 18 - 90. Let f(j) be the first derivative of -2*j**2 - 13 + 1/3*j**o + 3*j. Calculate f(4).
3
Let q(z) = -20*z + 20. Let g(o) = -1794*o - 12557. Let t be g(-7). What is q(t)?
0
Let n(m) = 2*m**2 + 10*m**2 + 21*m**2 - 8*m**2. Let s = 6996 + -6995. What is n(s)?
25
Let z(i) = -i + 12. Let d be z(11). Suppose -13 = v - 5*c, 4*v + c + d = -9. Let n(a) = 2*a**3 + 5*a**2 + 3*a + 2. What is n(v)?
-16
Let l(f) = f**2 + 10*f + 11. Let q(c) = 22*c + 89. Let n be q(-15). Let s = n + 231. Calculate l(s).
11
Let u(k) = k**2 + 13*k + 36. Let r be (-15 - -24)*(-25)/15. Calculate u(r).
66
Let f(y) be the first derivative of y**5/60 + y**4/6 - y**3/6 - 30*y**2 + 31. Let a(u) be the second derivative of f(u). Calculate a(-2).
-5
Let p(i) be the second derivative of i**6/360 + i**5/15 - 5*i**4/8 + 4*i**3/3 - i**2 - 23*i. Let f(k) be the second derivative of p(k). Determine f(-9).
-6
Suppose 31*u - 140 = 45*u. Let l(f) = f**3 + 10*f**2 + 4*f + 42. Give l(u).
2
Let a(r) = -2*r**2 + 51*r + 59. Let x(h) = 180*h - 13653. Let s be x(76). Calculate a(s).
-22
Let g(x) = -8*x + 80. Let o = 5565 - 5553. Determine g(o).
-16
Let a(c) = -c - 1. Suppose 8 = -4*w - 0*w - 5*r, 0 = -2*w + 2*r + 14. Let i(v) = 2*v + 2. Let q(b) = w*i(b) + 7*a(b). Suppose 3 = 2*j + 7. Determine q(j).
1
Let v(j) be the third derivative of j**5/40 - j**4/24 - 71*j**3/6 - 49*j**2. Let o(h) be the first derivative of v(h). What is o(1)?
2
Let o(z) = -54*z + 428. Suppose -4*n = -4*i - 16, 119*n + 14*i - 16 = 124*n. Determine o(n).
-4
Let y(b) be the first derivative of b**4/4 + 37*b**3/3 + 35*b**2/2 - 26*b + 6354. Calculate y(-36).
10
Let g(v) = v**3 + 4*v**2 - 2*v - 24. Suppose -18*j + t = -13*j + 21, 3*j + 3 = -t. Determine g(j).
-9
Suppose -5 = -4*z + 4*m + 3, -14 = -4*z + m. Let p(k) be the first derivative of 1/3*k**3 - 3/2*k**2 + 5*k + 88. Give p(z).
9
Let d(m) = 2*m**2 - 3*m - 6. Let c(a) = 9*a - 11. Let y be c(-37). Let j = 349 + y. Calculate d(j).
29
Let v(q) = -4*q**2 + 13*q + 9. Suppose 94*l = -309*l + 2418. Calculate v(l).
-57
Let m(j) = -9*j - 145. Let v(l) = 216*l - 1312. Let s be v(6). Give m(s).
-1
Let n(j) be the second derivative of -j**3/6 - 2*j**2 - 10*j - 2. Let k be n(-4). Let h(m) = 2*m**3 - 3*m**3 + 21 + 0*m**3 - m. Determine h(k).
21
Let v(l) = -5*l - 1177732 + 1177735 + l - 2*l. Give v(-1).
9
Let d(k) = 10*k**2 + 5*k + 5. Let l(c) = -3*c**2 + 1. Let g(t) = d(t) + 3*l(t). Determine g(-3).
2
Let n be 0 - 4/30 - 94/(-30). Let k(d) = 2*d**2 + n + 89*d + 2*d**2 - 80*d - 3*d**2. Determine k(-7).
-11
Let t(h) = 14*h**2 + 61*h - 61. Let n(o) = 5*o**2 + 21*o - 20. Let p(i) = 17*n(i) - 6*t(i). Calculate p(5).
6
Let x(d) be the third derivative of -2*d**5/15 - 39*d**4/4 - 59*d**3/6 - 4539*d**2. What is x(-29)?
-1
Let h(a) = -a - 4. Let t be 3/5 + (-24)/(-10). Let g(o) = 1. Let i(y) = t*g(y) + h(y). Let v(l) = -l**2 - 3*l + 5. Let u be v(-4). What is i(u)?
-2
Let c(j) = -21*j**3 - 2*j - 1. Suppose -38*m - 1271 = -5793. Let y = m + -120. Give c(y).
22
Let v(h) = -16*h - 10*h**2 + 8*h**2 - 11*h**2 + 14*h**2 - 13*h - 7. Calculate v(0).
-7
Let w(u) = -u**2 + 5107 - 2569 - 2534 - 3*u. What is w(-4)?
0
Let k(t) = -5*t**2 - t + 0 + 2*t**2 - 4 + 5 - 10*t**2. Suppose 3 - 7 = -4*d. Determine k(d).
-13
Let f(k) = k**3 - 10*k**2 + 9*k - 5. Let h(t) = 2*t**2 - 24*t + 63. Suppose -6*o + 10*o + 4*w = 28, 0 = -3*o - 5*w + 29. Let x be h(o). Determine f(x).
-5
Let l(m) be the second derivative of m**4/12 - 7*m**3/2 + 36*m**2 - 151*m. What is l(18)?
18
Let o(q) = -9*q**2 - 68*q - 75. Suppose 0 = 197*v - 256*v - 354. Give o(v).
9
Let m(i) be the first derivative of i**3/6 - i**2/2 + 51*i - 16. Let l(f) be the first derivative of m(f). What is l(5)?
4
Let v(q) be the first derivative of -5*q**2/2 + 2*q - 14. Let i = 1566 + -1563. Give v(i).
-13
Suppose 0*v + v + 3 = 0. Suppose -4*z - 3*m - 267 = 0, -30*z = -20*z + 2*m + 706. Let o be 48/z*1*v. Let p(a) = a**2 + a - 1. Determine p(o).
5
Let o(j) = 1. Let l(i) = -2*i - 7. Suppose -2*c = -3*b + 16, 5*c + 23 - 4 = -3*b. Suppose 0 = -b*n + 15 - 5. Let g(p) = n*o(p) + l(p). Calculate g(-5).
8
Let f(s) be the second derivative of s**4/6 - 25*s**3/6 - 15*s**2/2 - 156227*s. Let q = 23 + -10. Give f(q).
-2
Let v(k) = -32*k**2 - 48*k + 16*k + 23*k + 16*k**2 + 17*k**2 + 11. Calculate v(10).
21
Let k(r) be the second derivative of 0 + 1/6*r**3 - 3*r + 3/2*r**2. Let j(c) = c**3 - 35*c**2 + 10*c - 359. Let q be j(35). Determine k(q).
-6
Let f(m) = -7*m**2 + 38*m - 1. Let u = 8412 - 8407. Determine f(u).
14
Let c(o) be the third derivative of o**6/40 + 3*o**5/20 + o**4/4 + 2*o**3/3 + 2*o**2 - 1366*o. What is c(-4)?
-68
Let u(g) = g**3 - 19*g**2 + 18*g - 31. Suppose 0 = s - 3*k - 36, -5*k + 781 - 811 = 0. Calculate u(s).
-31
Let z(t) = -39*t - 5 - 145*t + 177*t + t**2. Let y(r) = 12*r + 29. Let b be y(-2). Calculate z(b).
-15
Suppose 3994 - 3754 = 40*g. Let w(k) = -k + 32. Determine w(g).
26
Let o = -7120 + 7114. Let l(m) = -10*m - 37. Give l(o).
23
Let l(v) be the first derivative of 2*v**2 + 7*v - 3943. Calculate l(-6).
-17
Suppose -5*i - 3*y = 677, i + i - y + 262 = 0. Let m be (4 - 2) + (-2 + -1 - i). Let a(o) = -m + 137 - 2*o + 4*o. Calculate a(-5).
-5
Let m(p) = -11*p + 7. Let w(c) = 50*c - 32. Let x(f) = 9*m(f) + 2*w(f). Let i be 924/91 + (-2)/13. Let q = 6 - i. What is x(q)?
-5
Let y(h) = 10*h**2 - 1 - 13*h**2 + 150*h**3 - 145*h**3. Let a(i) = -9*i**3 + 5*i**2 + i + 1. Let z(q) = -4*a(q) - 7*y(q). What is z(1)?
1
Let v be 6/9 + 14/6. Let n(q) = 3*q**2 + q**v - 2*q + 0*q**3 + 6 + q**2. Let o = 2253 - 2258. Give n(o).
-9
Let a be 3*(0 - 3/9). Let s be 1 + 0 - 0/(-3 + a). Let k(v) = s - 3 - v + 1 + 3. Determine k(8).
-6
Let m = -42077 + 42072. Let q(u) = -18*u - 16. What is q(m)?
74
Suppose -47 = 66*r + 349. Let m(p) = p**3 + 6*p**2 - 5*p + 6. Determine m(r).
36
Let f(w) = 33*w - 79. Let s(h) = -44*h + 106. Let m(g) = -11*f(g) - 8*s(g). Determine m(3).
-12
Let n(k) = 3*k - 54. Let b(c) = 46*c - 766. Let a be b(17). Calculate n(a).
-6
Suppose 146*h - 151*h + 60 = 0. Suppose 5*n - 2*n = 4*k + 3, 0 = -k + n - 2. Let l = k - h. Let w(a) = a**3 + 10*a**2 + 8*a - 6. Give w(l).
3
Let u(j) = 237 + 4*j**2 - 238 + 8*j - 10*j. Let m be (24/3)/4 - 15. Let z = -15 - m. Determine u(z).
19
Suppose 40*o - 38*o = 90. Suppose 3*t - 4*t + 2*a = 9, 0 = 5*t + 2*a + o. Let c(z) = -z**2 - 9*z - 9. Give c(t).
-9
Let c(r) be the third derivative of -3*r**5/20 + 47*r**4/24 + r**3/6 - 3385*r**2. What is c(5)?
11
Let d be (-4)/(-22) + (-20)/(-11). Suppose -4*i = d*z 